undreds digit of d?
6
Suppose -1 - 69 = -2*a. Suppose 0 = 3*u - 31 - a. What is the tens digit of u?
2
Suppose -q = -3*h + 168 - 1001, 2*h + 10 = 0. What is the units digit of q?
8
Suppose -5*y = -5*i + 5920, -3*i - 4*y = -2*i - 1189. What is the units digit of i?
5
Let u(n) = -142*n + 14. What is the units digit of u(-4)?
2
Suppose -5*f + 26328 = -0*f + 2*n, -21069 = -4*f + 5*n. What is the units digit of f?
6
Let c be -2*(1 - 13/2). Suppose -9*m + c*m = 22. What is the units digit of m?
1
Let j = 45 + -43. What is the tens digit of (-10 + 11)*j*(-98)/(-4)?
4
Let w(m) = 227*m**3 + m**2 + 2*m - 2. What is the units digit of w(1)?
8
Let n = -1979 - -2923. What is the units digit of n?
4
Let i = 372 - -17. What is the hundreds digit of i?
3
Let m = -1087 + 1876. What is the hundreds digit of m?
7
Suppose -8*g + 402 = -1126. Let j = g + -126. What is the units digit of j?
5
Let l = 53 - 43. Suppose -5*y + l*y = 2*h - 227, 3*h - 383 = -y. What is the units digit of h?
6
Suppose 0 = -f - 4*s - 25, -2*s = 2*s + 20. Let k be 21/f - 3/(-15). What is the tens digit of (-24)/k*20/6?
2
Suppose -4*b + a = -34, 2*b - 2*a - a - 22 = 0. Let l be (-2)/(b/12 - 0). What is the units digit of 31/(l + (-8)/(-2))?
1
Let l = 119 - 201. Suppose 474 = -16*u - 374. Let h = u - l. What is the tens digit of h?
2
Let z(h) = -2*h - 18. Let y be z(-12). Let d be (-3)/(36/(-8))*y. Suppose -d*m + 36 + 40 = 0. What is the tens digit of m?
1
Let g(y) = -y**2. Let b(s) = -30*s**2. Suppose -3*c + 4 - 7 = 0. Let z(o) = c*b(o) + g(o). What is the tens digit of z(-1)?
2
Let n = 154 + -144. Suppose -1060 = n*s - 15*s. What is the hundreds digit of s?
2
What is the hundreds digit of 682/6 + 9*(-2)/(-54)?
1
What is the units digit of (6/9)/((-10435)/2610 - -4)?
8
Suppose -18*w + 2823 = 465. What is the tens digit of w?
3
Let f be (-4)/10 - 154/(-35). Let m be (22/3)/(2/18). Suppose n = f*n - m. What is the units digit of n?
2
Suppose 61 + 41 = 6*k. What is the units digit of k?
7
Suppose -1 - 2 = -g. Suppose -4*u + q - 93 = -0*q, 0 = -g*u - 5*q - 87. Let d = -10 - u. What is the units digit of d?
4
Let a = 31 - 35. What is the units digit of (-2)/(-3)*(-270)/a?
5
Suppose 2*l = -5*h - 14 + 3, 3*l + 3*h = -3. Suppose -l*b = -f + 58 - 179, -5*b + 310 = 5*f. What is the tens digit of b?
6
Let u = -748 + 1586. What is the units digit of u?
8
Let c = -42 - -72. Let b = c - 25. What is the units digit of b?
5
Let q(h) = h**3 + 4*h**2 - 8*h - 11. Let l be q(-5). Let b(k) = -k**2 + 6*k + 3. What is the units digit of b(l)?
1
Let m = 34 + -39. What is the tens digit of 2 + m + (258 - 0/1)?
5
Let z be 4 + (-6)/9*15. Let f(c) = 7*c**3 - c**2 - c - 1. Let p be f(-1). What is the tens digit of (-122)/z - p/(-24)?
2
Let s(o) = -162*o - 132. What is the units digit of s(-10)?
8
Let r(l) = 3*l - 16 + 12 + 3 + 11. What is the tens digit of r(16)?
5
Suppose 5*z - 4*y - 281 = 0, 2*y - 2 + 0 = 0. Let f = z - -6. What is the units digit of f?
3
Let n be 2/6 - (-25)/15. Let z(j) = j**2 - 25*j + 8. Let i be z(26). Suppose 0 = 4*l - 5*l - n*v + i, -l + 3*v + 49 = 0. What is the tens digit of l?
4
Let l = 1066 - 875. What is the tens digit of l?
9
Let j(h) = -2*h**3 - 3*h**2 + h + 2. Let y be j(-2). Let f be ((-115)/10)/((-2)/y). What is the units digit of (-2)/(f/(-11) + 2)?
2
Let w(r) = r**2 - r + 1. Let o(k) = 2*k**2 + 17*k - 6. Let u(t) = o(t) - 3*w(t). What is the tens digit of u(16)?
5
Suppose -4*a - 7*a = 0. Suppose 3*t - 419 - 112 = a. What is the tens digit of t?
7
Let r(g) = -g**3 - g**2 + g + 1. Let i be r(-2). Suppose i*f = -5*j + 827, 2*j + j - 473 = 4*f. What is the tens digit of j?
6
Let w(m) = 4*m**2 + m. Let u(s) = 5*s**2 + s. Let p(n) = -2*u(n) + 3*w(n). Let i = 1 - 6. What is the units digit of p(i)?
5
Let g(d) = 260*d - 43. What is the tens digit of g(5)?
5
What is the units digit of (-1*(-4)/8 - 1)*-96?
8
Let o = 188 + 1040. What is the tens digit of o?
2
Let m = 8493 - 5425. What is the tens digit of m?
6
Suppose -12*k + 10406 + 10 = 0. What is the hundreds digit of k?
8
Suppose -3*c + 4098 = -l - 2462, 3*l = 5*c - 10928. What is the hundreds digit of c?
1
Let v = -542 + 599. What is the tens digit of v?
5
Let y be (-5 - 1)/(6/(-8)). Suppose 5*t + 4*b + 414 = 0, -4*t - 360 = 4*b - y*b. What is the tens digit of (-2 - t)*(-5)/(-10)?
4
Let o(h) = 2*h + 63. Suppose -5*r + 4*w + 20 = -0*r, 0 = -4*r + 3*w + 15. Let u be o(r). Let c = u + -44. What is the units digit of c?
9
Suppose -4*o = -10757 - 3863. What is the hundreds digit of o?
6
What is the tens digit of (-11 + -1 - 356)/(2/(-4))?
3
Let w(b) = 15*b**2 - 83*b + 3. What is the thousands digit of w(-13)?
3
Suppose -9*y = 2*y - 33. Suppose u = 3*j + 31 + 108, 5*j + 437 = y*u. What is the hundreds digit of u?
1
Suppose 2 = 3*i - 1, i = 4*n - 3. What is the units digit of (58/(-4))/(n*(-3)/18)?
7
Let b(z) = -z**3 + 5*z**2 + 5*z - 4. Let k(x) = -x**2 - 13*x - 18. Let t be k(-12). Let v be 7/42 - 29/t. What is the units digit of b(v)?
1
Let b(s) = s**2 - 31*s + 33. Let y be b(30). Suppose -y*g - 5*i = -567, -3*g - 4*i + 757 - 187 = 0. What is the units digit of g?
4
Suppose 5*x - 19 = -m - 0*x, -5*m = -3*x - 11. Let u be 6/m*(-40)/(-12). Suppose -2*b - 2*f = 2, u*b + 3*f - 5 + 2 = 0. What is the units digit of b?
3
Suppose -5009 - 291 = -10*z. What is the hundreds digit of z?
5
Let d = 252 - 94. Let c = d + -99. What is the tens digit of c?
5
Suppose -3*p = -p + 22. Let l = p - -14. Suppose -5*y = j - 40, l*y - 3*j + 1 = y. What is the units digit of y?
7
Suppose -3*n - 21 = -5*n + 3*v, 0 = -2*n - v + 9. Suppose -n*q + 0*q + 24 = 0. Suppose -27 - 53 = -q*i. What is the tens digit of i?
2
Suppose -2*b = 3*c - 561, 0 = 3*c - 2*b - 473 - 76. What is the units digit of c?
5
Let q = 0 - -5. Suppose f = -2 - q. Let v = f + 38. What is the units digit of v?
1
Let o = -73 + 79. What is the units digit of 996/9 - (2/o)/(-1)?
1
Let x be (-62)/(-5) - 28/70. Let b be (-3)/x - (-200)/32. Let t(a) = -a**3 + 5*a**2 + 8*a - 5. What is the units digit of t(b)?
7
Let w(b) = b**2 + 20*b - 11. What is the tens digit of w(-34)?
6
Let n = 9 - -6. Suppose -n = -5*l, 3*y = y - 2*l + 102. What is the tens digit of y?
4
Let z(b) = -2*b**3 + 8*b**2 - 13*b. Let h be z(7). Let f = h - -626. What is the units digit of f?
1
Let i(g) = g**2 + 2*g + 12. Suppose 5*r + 29 = -s - 3*s, 4*s = r - 23. What is the units digit of i(s)?
6
Suppose 0 = -4*f - 2*f + 1116. What is the units digit of f?
6
Let g = 1953 - -567. What is the hundreds digit of g?
5
Suppose -285 = -7*f - 418. Suppose -102 + 12 = o. Let d = f - o. What is the units digit of d?
1
What is the hundreds digit of 7/(-2)*(-21)/(1176/61216)?
8
Suppose 7*n - 34 = 22. Suppose -13 = n*x - 189. What is the tens digit of x?
2
Let f(i) = i**3 + 7*i**2 + 8. Let g = 49 + -56. What is the units digit of f(g)?
8
Let j = -1 - -10. Let o be (-2)/(-6) - 3/j. Suppose o*z = 4*z - 188. What is the units digit of z?
7
Let d(v) = 2*v**2 + 6. Suppose 2*q = u - 13, -5*q + u - 3*u = 55. Let z be (3 - (-33)/q)*-6. What is the units digit of d(z)?
8
Let s(x) = 22*x**2 - 2*x - 2. Let p(c) = c**3 + 11*c**2 - 13*c - 13. Let j be 3/(-9)*2*18. Let d be p(j). What is the units digit of s(d)?
2
Suppose -10*z + 13*z = 0. What is the units digit of (z - 3)*-1 - -68?
1
Suppose 13*k + 76 = 7031. What is the tens digit of k?
3
Suppose 0*u + 9 = u. Suppose u*f + 80 = 10*f. What is the tens digit of f?
8
Let r(a) = -16*a - 5. Let c(k) = 47*k + 14. Suppose -z - 2*y - 2*y + 11 = 0, 2*z - 12 = -3*y. Let o(u) = z*c(u) + 8*r(u). What is the units digit of o(1)?
5
Suppose 2*i = -0*i - 32. Let b = 28 + i. What is the tens digit of b?
1
Let j(s) = -360*s - 639. Let m(z) = -9*z - 16. Let y(f) = -2*j(f) + 81*m(f). What is the units digit of y(-4)?
8
Let t(y) = 2*y**3 - y**2 + 18. Suppose 10 = -u + 5*j - 12, -4*j + 12 = 0. Let v = -7 - u. What is the units digit of t(v)?
8
Let f be (-2)/(2*3/(-36)). What is the tens digit of f/(4/(-132)*-6)?
6
Let x be 9/9 + 228 + -1. Let f = x - 116. Suppose 3*b - f = 41. What is the units digit of b?
1
Let r = 18 + -26. What is the units digit of (r - 0)*(55/(-4) - -2)?
4
Suppose 0 = 6*c - 3*c. Suppose -5*x - j + 189 = -0*j, c = 2*x - 4*j - 58. Let p = x + -21. What is the tens digit of p?
1
Let i be 4/2 + 19/(95/630). Let k 